{"id":127,"date":"2022-06-03T09:49:40","date_gmt":"2022-06-03T09:49:40","guid":{"rendered":"https:\/\/emopal.at\/?post_type=product&#038;p=127"},"modified":"2024-10-25T08:16:56","modified_gmt":"2024-10-25T08:16:56","slug":"emopal-r804-m1","status":"publish","type":"product","link":"https:\/\/emopal.at\/index.php\/produkt\/emopal-r804-m1\/","title":{"rendered":"eMOPAL R804-M1Schwarz"},"content":{"rendered":"<p><strong>Technische Daten<\/strong><\/p>\n<p class=\"p1\"><strong><span class=\"Apple-converted-space\">\u00a0<\/span><\/strong><\/p>\n<p class=\"p2\">Model: R804-M1<span class=\"Apple-converted-space\">\u00a0<\/span><\/p>\n<p class=\"p2\">Reifengr\u00f6\u00dfe: 18 Zoll<span class=\"Apple-converted-space\">\u00a0<\/span><\/p>\n<p class=\"p2\">Scheibenbremsen vorne und hinten<span class=\"Apple-converted-space\">\u00a0<\/span><\/p>\n<p class=\"p2\">Reichweite: 50 km<span class=\"Apple-converted-space\">\u00a0<\/span><\/p>\n<p class=\"p2\">H\u00f6chstgeschwindigkeit: 45 km\/h<span class=\"Apple-converted-space\">\u00a0<\/span><\/p>\n<p class=\"p2\">Maximale Belastung: 200 kg<span class=\"Apple-converted-space\">\u00a0<\/span><\/p>\n<p class=\"p2\">Lithiumbatterie: 60 V\/20 Ah (abnehmbar)<span class=\"Apple-converted-space\">\u00a0<\/span><\/p>\n<p class=\"p2\">Ladezeit: 5 Stunden<span class=\"Apple-converted-space\">\u00a0<\/span><\/p>\n<p class=\"p2\">Motorleistung: 2000 W<span class=\"Apple-converted-space\">\u00a0<\/span><\/p>\n<p>Gewicht: 72 kg<\/p>\n<p>Personen: 1 Person<\/p>\n<p>Display: LCD-Anzeige<\/p>\n<p>Beleuchtung: LED<\/p>\n<p>F\u00fchrerscheinklasse: AM oder B<\/p>\n<p>&nbsp;<\/p>\n<p><strong>F\u00f6rderung:<\/strong><\/p>\n<p>bis \u20ac 600,- m\u00f6glich<\/p>\n<p><a href=\"https:\/\/www.umweltfoerderung.at\/privatpersonen\/e-mobilitaet-2024\/fahrzeuge-ladeinfrastruktur\">F\u00f6rderungsaktion E-Mobilit\u00e4t f\u00fcr Private 2024: Umweltf\u00f6rderung Kommunalkredit Public Consulting (umweltfoerderung.at)<\/a><\/p>\n","protected":false},"excerpt":{"rendered":"<p>Vorf\u00fchrmodell<\/p>\n<p>Kauf dir ein St\u00fcck Lebensfreude und Fahrspa\u00df: Have a nice Ride!<\/p>\n","protected":false},"featured_media":153,"comment_status":"open","ping_status":"closed","template":"","meta":[],"product_brand":[],"product_cat":[20,30],"product_tag":[21],"class_list":{"0":"post-127","1":"product","2":"type-product","3":"status-publish","4":"has-post-thumbnail","6":"product_cat-alle","7":"product_cat-emopal","8":"product_tag-emopal","10":"first","11":"instock","12":"sale","13":"taxable","14":"shipping-taxable","15":"purchasable","16":"product-type-simple"},"_links":{"self":[{"href":"https:\/\/emopal.at\/index.php\/wp-json\/wp\/v2\/product\/127","targetHints":{"allow":["GET"]}}],"collection":[{"href":"https:\/\/emopal.at\/index.php\/wp-json\/wp\/v2\/product"}],"about":[{"href":"https:\/\/emopal.at\/index.php\/wp-json\/wp\/v2\/types\/product"}],"replies":[{"embeddable":true,"href":"https:\/\/emopal.at\/index.php\/wp-json\/wp\/v2\/comments?post=127"}],"wp:featuredmedia":[{"embeddable":true,"href":"https:\/\/emopal.at\/index.php\/wp-json\/wp\/v2\/media\/153"}],"wp:attachment":[{"href":"https:\/\/emopal.at\/index.php\/wp-json\/wp\/v2\/media?parent=127"}],"wp:term":[{"taxonomy":"product_brand","embeddable":true,"href":"https:\/\/emopal.at\/index.php\/wp-json\/wp\/v2\/product_brand?post=127"},{"taxonomy":"product_cat","embeddable":true,"href":"https:\/\/emopal.at\/index.php\/wp-json\/wp\/v2\/product_cat?post=127"},{"taxonomy":"product_tag","embeddable":true,"href":"https:\/\/emopal.at\/index.php\/wp-json\/wp\/v2\/product_tag?post=127"}],"curies":[{"name":"wp","href":"https:\/\/api.w.org\/{rel}","templated":true}]}}